{"id":307,"date":"2020-04-22T17:01:52","date_gmt":"2020-04-22T17:01:52","guid":{"rendered":"https:\/\/cfnservicios.com\/?page_id=307"},"modified":"2026-04-01T18:01:41","modified_gmt":"2026-04-01T18:01:41","slug":"aviso-de-privacidad","status":"publish","type":"page","link":"https:\/\/cfnservicios.com\/index.php\/aviso-de-privacidad\/","title":{"rendered":"AVISO DE PRIVACIDAD"},"content":{"rendered":"\t\t<div data-elementor-type=\"wp-page\" data-elementor-id=\"307\" class=\"elementor elementor-307\">\n\t\t\t\t\r\n\r\n\r\n\r\n\r\n\t\t<section class=\"elementor-section elementor-top-section elementor-element elementor-element-490a6bca elementor-section-content-middle elementor-section-boxed elementor-section-height-default elementor-section-height-default\" data-id=\"490a6bca\" data-element_type=\"section\" data-e-type=\"section\" data-settings=\"{&quot;background_background&quot;:&quot;classic&quot;}\">\n\t\t\t\t\t\t<div class=\"elementor-container elementor-column-gap-no\">\n\t\t\t\t\t<div class=\"elementor-column elementor-col-100 elementor-top-column elementor-element elementor-element-6281f90c\" data-id=\"6281f90c\" data-element_type=\"column\" data-e-type=\"column\">\n\t\t\t<div class=\"elementor-widget-wrap elementor-element-populated\">\n\t\t\t\t\t\t<div class=\"elementor-element elementor-element-404a10ee elementor-widget elementor-widget-heading\" data-id=\"404a10ee\" data-element_type=\"widget\" data-e-type=\"widget\" data-widget_type=\"heading.default\">\n\t\t\t\t<div class=\"elementor-widget-container\">\n\t\t\t\t\t<h4 class=\"elementor-heading-title elementor-size-default\">AVISO DE PRIVACIDAD<\/h4>\t\t\t\t<\/div>\n\t\t\t\t<\/div>\n\t\t\t\t<div class=\"elementor-element elementor-element-1ee0f4d6 elementor-widget elementor-widget-text-editor\" data-id=\"1ee0f4d6\" data-element_type=\"widget\" data-e-type=\"widget\" data-widget_type=\"text-editor.default\">\n\t\t\t\t<div class=\"elementor-widget-container\">\n\t\t\t\t\t\t\t\t\t<p><b data-path-to-node=\"4\" data-index-in-node=\"0\" style=\"font-style: inherit;\">1. Identidad y domicilio del Responsable<\/b><span style=\"font-size: 16px;\">\nCFN Servicios Empresariales S.A.S de C.V., con domicilio en Paseo Hacienda de Echegaray #40, Colonia Bosques de Echegaray, Naucalpan de Ju\u00e1rez, Estado de M\u00e9xico, C.P. 53310, es el responsable del tratamiento y protecci\u00f3n de sus datos personales.<\/span><\/p><p data-path-to-node=\"5\"><b data-path-to-node=\"5\" data-index-in-node=\"0\">2. Datos personales que recabamos<\/b>\nPara llevar a cabo las finalidades descritas en el presente aviso de privacidad, utilizaremos los siguientes datos personales:<\/p><ul data-path-to-node=\"6\"><li><p data-path-to-node=\"6,0,0\"><b data-path-to-node=\"6,0,0\" data-index-in-node=\"0\">Datos de identificaci\u00f3n:<\/b> Nombre o raz\u00f3n social, fecha de nacimiento, nacionalidad, Registro Federal de Contribuyentes (RFC), Clave \u00danica de Registro de Poblaci\u00f3n (CURP).<\/p><\/li><li><p data-path-to-node=\"6,1,0\"><b data-path-to-node=\"6,1,0\" data-index-in-node=\"0\">Datos de contacto:<\/b> Domicilio fiscal, n\u00famero telef\u00f3nico (fijo y m\u00f3vil), correo electr\u00f3nico.<\/p><\/li><li><p data-path-to-node=\"6,2,0\"><b data-path-to-node=\"6,2,0\" data-index-in-node=\"0\">Datos electr\u00f3nicos y de autenticaci\u00f3n:<\/b> Firma Electr\u00f3nica Avanzada (FIEL), Clave de Identificaci\u00f3n Electr\u00f3nica Confidencial (CIECF), Certificado digital del IMSS.<\/p><\/li><li><p data-path-to-node=\"6,3,0\"><b data-path-to-node=\"6,3,0\" data-index-in-node=\"0\">Datos laborales y acad\u00e9micos (solo para procesos de atracci\u00f3n de talento):<\/b> Intereses personales, formaci\u00f3n profesional o acad\u00e9mica, experiencia laboral y referencias personales.<\/p><\/li><\/ul><p data-path-to-node=\"7\"><b data-path-to-node=\"7\" data-index-in-node=\"0\">Datos personales sensibles:<\/b> Le informamos que para la prestaci\u00f3n de ciertos servicios especializados o procesos de reclutamiento se podr\u00edan requerir datos personales sensibles. En tal caso, se obtendr\u00e1 su consentimiento expreso y por escrito de forma previa.<\/p><p data-path-to-node=\"8\"><b data-path-to-node=\"8\" data-index-in-node=\"0\">3. Finalidades del tratamiento<\/b>\nLos datos personales que recabamos de usted los utilizaremos para las siguientes <b data-path-to-node=\"8\" data-index-in-node=\"112\">finalidades primarias<\/b>, las cuales son necesarias para el servicio que solicita:<\/p><ul data-path-to-node=\"9\"><li><p data-path-to-node=\"9,0,0\">Cumplir con los compromisos adquiridos para la prestaci\u00f3n de nuestros servicios de car\u00e1cter contable, fiscal y de n\u00f3minas.<\/p><\/li><li><p data-path-to-node=\"9,1,0\">Realizar pagos de impuestos, declaraciones, reportes contables y avisos ante autoridades fiscales, federales, estatales y municipales (como SAT, IMSS, INFONAVIT).<\/p><\/li><li><p data-path-to-node=\"9,2,0\">Fines de identificaci\u00f3n para dar seguridad a las operaciones que realiza con nosotros.<\/p><\/li><li><p data-path-to-node=\"9,3,0\">Llevar a cabo los procedimientos internos para la atracci\u00f3n de talento humano.<\/p><\/li><\/ul><p data-path-to-node=\"10\"><i data-path-to-node=\"10\" data-index-in-node=\"0\">(Nota: Le informamos que CFN Servicios Empresariales S.A.S de C.V. no utiliza sus datos personales para finalidades secundarias como publicidad directa, mercadotecnia o prospecci\u00f3n comercial).<\/i><\/p><p data-path-to-node=\"11\"><b data-path-to-node=\"11\" data-index-in-node=\"0\">4. Uso de Cookies y Tecnolog\u00edas de Rastreo<\/b>\nLe informamos que en nuestro portal de internet <b data-path-to-node=\"11\" data-index-in-node=\"91\"><!----><!----><!----><!----><!----><!----><!----><!----><!----><!----><!----><!----><!----><!----><!----><!----><!----><!----><!----><!----><!----><!----><!----><!----><!----><!----><!----><!----><link-block _nghost-ng-c679140115=\"\"><!----><!----><a _ngcontent-ng-c679140115=\"\" target=\"_blank\" rel=\"noopener\" externallink=\"\" _nghost-ng-c388163943=\"\" jslog=\"197247;track:generic_click,impression,attention;BardVeMetadataKey:[[&quot;r_ff4df4c3793471ad&quot;,&quot;c_bf0643d385171660&quot;,null,&quot;rc_15ac121eb1eea997&quot;,null,null,&quot;es&quot;,null,1,null,null,1,0]]\" href=\"https:\/\/www.cfnservicios.com\" data-hveid=\"0\" decode-data-ved=\"1\" data-ved=\"0CAAQ_4QMahcKEwi575rxm82TAxUAAAAAHQAAAAAQdA\">www.cfnservicios.com<\/a><!----><\/link-block><!----><!----><!----><!----><!----><!----><!----><!----><!----><!----><!----><!----><!----><!----><!----><!----><!----><!----><!----><!----><!----><!----><!----><!----><!----><!----><!----><!----><!----><!----><!----><!----><!----><!----><!----><!----><!----><!----><!----><!----><!----><!----><!----><!----><!----><\/b> utilizamos cookies u otras tecnolog\u00edas a trav\u00e9s de las cuales es posible monitorear su comportamiento como usuario de internet, con el objetivo de brindarle una mejor experiencia al navegar en nuestra p\u00e1gina y ofrecerle informaci\u00f3n de su inter\u00e9s.<\/p><p data-path-to-node=\"12\">Los datos personales que podemos obtener de estas tecnolog\u00edas de rastreo son los siguientes:<\/p><ul data-path-to-node=\"13\"><li><p data-path-to-node=\"13,0,0\">Direcci\u00f3n IP, tipo de navegador y sistema operativo del usuario.<\/p><\/li><li><p data-path-to-node=\"13,1,0\">P\u00e1ginas de internet que visita el usuario y el tiempo de permanencia en ellas.<\/p><\/li><li><p data-path-to-node=\"13,2,0\">Enlaces que sigue el usuario.<\/p><\/li><\/ul><p data-path-to-node=\"14\">Estas tecnolog\u00edas pueden deshabilitarse en cualquier momento. Para conocer c\u00f3mo hacerlo, consulte el men\u00fa de &#8220;Ayuda&#8221; o &#8220;Configuraci\u00f3n de Privacidad&#8221; de su navegador web (como Google Chrome, Microsoft Edge, Safari o Firefox).<\/p><p data-path-to-node=\"15\"><b data-path-to-node=\"15\" data-index-in-node=\"0\">5. Transferencia de datos<\/b>\nLa informaci\u00f3n personal que se nos proporcione no ser\u00e1 divulgada, comercializada, vendida ni rentada a terceros. No obstante, podremos transferir sus datos sin requerir su consentimiento \u00fanicamente en los supuestos previstos en el art\u00edculo 37 de la Ley (por ejemplo, para cumplir con obligaciones ante autoridades competentes o cuando contratemos a proveedores de servicios necesarios para la operaci\u00f3n bajo nuestro estricto control y conforme a este aviso).<\/p><p data-path-to-node=\"16\"><b data-path-to-node=\"16\" data-index-in-node=\"0\">6. Derechos ARCO y Revocaci\u00f3n del Consentimiento<\/b>\nUsted tiene derecho a conocer qu\u00e9 datos personales tenemos de usted, para qu\u00e9 los utilizamos y las condiciones del uso que les damos (<b data-path-to-node=\"16\" data-index-in-node=\"183\">Acceso<\/b>). Asimismo, es su derecho solicitar la correcci\u00f3n de su informaci\u00f3n personal en caso de que est\u00e9 desactualizada, sea inexacta o incompleta (<b data-path-to-node=\"16\" data-index-in-node=\"330\">Rectificaci\u00f3n<\/b>); que la eliminemos de nuestros registros o bases de datos cuando considere que la misma no est\u00e1 siendo utilizada adecuadamente (<b data-path-to-node=\"16\" data-index-in-node=\"473\">Cancelaci\u00f3n<\/b>); as\u00ed como oponerse al uso de sus datos personales para fines espec\u00edficos (<b data-path-to-node=\"16\" data-index-in-node=\"560\">Oposici\u00f3n<\/b>).<\/p><p data-path-to-node=\"17\">Para el ejercicio de cualquiera de los derechos ARCO o para revocar el consentimiento que nos haya otorgado, usted deber\u00e1 enviar una solicitud v\u00eda correo electr\u00f3nico a la cuenta: <b data-path-to-node=\"17\" data-index-in-node=\"179\">auditoria@cfnservicios.com<\/b>, dirigida al facilitador de protecci\u00f3n de datos: <b data-path-to-node=\"17\" data-index-in-node=\"255\">Jos\u00e9 Antonio S\u00e1nchez Peralta<\/b>.<\/p><p data-path-to-node=\"18\">La solicitud deber\u00e1 contener y acompa\u00f1arse de lo siguiente:<\/p><ol start=\"1\" data-path-to-node=\"19\"><li><p data-path-to-node=\"19,0,0\">Su nombre completo y domicilio u otro medio (como correo electr\u00f3nico) para comunicarle la respuesta.<\/p><\/li><li><p data-path-to-node=\"19,1,0\">Los documentos que acrediten su identidad o, en su caso, la representaci\u00f3n legal.<\/p><\/li><li><p data-path-to-node=\"19,2,0\">La descripci\u00f3n clara y precisa de los datos personales respecto de los que busca ejercer alguno de los derechos.<\/p><\/li><li><p data-path-to-node=\"19,3,0\">Cualquier otro elemento que facilite la localizaci\u00f3n de los datos.<\/p><\/li><\/ol><p data-path-to-node=\"20\">CFN Servicios Empresariales S.A.S de C.V. le comunicar\u00e1 la respuesta en un plazo m\u00e1ximo de 20 d\u00edas h\u00e1biles contados desde la fecha en que se recibi\u00f3 la solicitud. Si resulta procedente, se har\u00e1 efectiva dentro de los 15 d\u00edas h\u00e1biles siguientes a la fecha en que se comunica la respuesta.<\/p><p data-path-to-node=\"21\">Si transcurrido el t\u00e9rmino que se\u00f1ala la Ley no se diera respuesta a su solicitud, usted podr\u00e1 iniciar el procedimiento de protecci\u00f3n de derechos ARCO ante el <b data-path-to-node=\"21\" data-index-in-node=\"159\">Instituto Nacional de Transparencia, Acceso a la Informaci\u00f3n y Protecci\u00f3n de Datos Personales (INAI)<\/b>. Para mayor informaci\u00f3n visite <b data-path-to-node=\"21\" data-index-in-node=\"291\">www.inai.org.mx<\/b>.<\/p><p data-path-to-node=\"22\"><b data-path-to-node=\"22\" data-index-in-node=\"0\">7. Modificaciones al Aviso de Privacidad<\/b>\nNos reservamos el derecho de efectuar en cualquier momento modificaciones o actualizaciones al presente aviso de privacidad, para la atenci\u00f3n de novedades legislativas, pol\u00edticas internas o nuevos requerimientos para la prestaci\u00f3n de nuestros servicios. Estas modificaciones estar\u00e1n disponibles al p\u00fablico a trav\u00e9s de nuestro portal: <b data-path-to-node=\"22\" data-index-in-node=\"375\"><!----><!----><!----><!----><!----><!----><!----><!----><!----><!----><!----><!----><!----><!----><!----><!----><!----><!----><!----><!----><!----><!----><!----><!----><!----><!----><!----><!----><link-block _nghost-ng-c679140115=\"\"><!----><!----><a _ngcontent-ng-c679140115=\"\" target=\"_blank\" rel=\"noopener\" externallink=\"\" _nghost-ng-c388163943=\"\" jslog=\"197247;track:generic_click,impression,attention;BardVeMetadataKey:[[&quot;r_ff4df4c3793471ad&quot;,&quot;c_bf0643d385171660&quot;,null,&quot;rc_15ac121eb1eea997&quot;,null,null,&quot;es&quot;,null,1,null,null,1,0]]\" href=\"https:\/\/www.cfnservicios.com\" data-hveid=\"0\" decode-data-ved=\"1\" data-ved=\"0CAAQ_4QMahcKEwi575rxm82TAxUAAAAAHQAAAAAQdQ\">www.cfnservicios.com<\/a><!----><\/link-block><!----><!----><!----><!----><!----><!----><!----><!----><!----><!----><!----><!----><!----><!----><!----><!----><!----><!----><!----><!----><!----><!----><!----><!----><!----><!----><!----><!----><!----><!----><!----><!----><!----><!----><!----><!----><!----><!----><!----><!----><!----><!----><!----><!----><!----><\/b>.<\/p><p data-path-to-node=\"23\"><b data-path-to-node=\"23\" data-index-in-node=\"0\">\u00daltima actualizaci\u00f3n:<\/b> Abril de 2026.<\/p>\t\t\t\t\t\t\t\t<\/div>\n\t\t\t\t<\/div>\n\t\t\t\t\t<\/div>\n\t\t<\/div>\n\t\t\t\t\t<\/div>\n\t\t<\/section>\n\t\t\t\t<\/div>\n\t\t","protected":false},"excerpt":{"rendered":"<p>AVISO DE PRIVACIDAD 1. Identidad y domicilio del Responsable CFN Servicios Empresariales S.A.S de C.V., con domicilio en Paseo Hacienda de Echegaray #40, Colonia Bosques de Echegaray, Naucalpan de Ju\u00e1rez, Estado de M\u00e9xico, C.P. 53310, es el responsable del tratamiento y protecci\u00f3n de sus datos personales. 2. Datos personales que recabamos Para llevar a cabo [&hellip;]<\/p>\n","protected":false},"author":1,"featured_media":0,"parent":0,"menu_order":0,"comment_status":"closed","ping_status":"closed","template":"","meta":{"site-sidebar-layout":"no-sidebar","site-content-layout":"page-builder","ast-site-content-layout":"full-width-container","site-content-style":"unboxed","site-sidebar-style":"unboxed","ast-global-header-display":"","ast-banner-title-visibility":"","ast-main-header-display":"","ast-hfb-above-header-display":"","ast-hfb-below-header-display":"","ast-hfb-mobile-header-display":"","site-post-title":"disabled","ast-breadcrumbs-content":"","ast-featured-img":"disabled","footer-sml-layout":"","ast-disable-related-posts":"","theme-transparent-header-meta":"default","adv-header-id-meta":"","stick-header-meta":"","header-above-stick-meta":"","header-main-stick-meta":"","header-below-stick-meta":"","astra-migrate-meta-layouts":"set","ast-page-background-enabled":"default","ast-page-background-meta":{"desktop":{"background-color":"","background-image":"","background-repeat":"repeat","background-position":"center center","background-size":"auto","background-attachment":"scroll","background-type":"","background-media":"","overlay-type":"","overlay-color":"","overlay-opacity":"","overlay-gradient":""},"tablet":{"background-color":"","background-image":"","background-repeat":"repeat","background-position":"center center","background-size":"auto","background-attachment":"scroll","background-type":"","background-media":"","overlay-type":"","overlay-color":"","overlay-opacity":"","overlay-gradient":""},"mobile":{"background-color":"","background-image":"","background-repeat":"repeat","background-position":"center center","background-size":"auto","background-attachment":"scroll","background-type":"","background-media":"","overlay-type":"","overlay-color":"","overlay-opacity":"","overlay-gradient":""}},"ast-content-background-meta":{"desktop":{"background-color":"var(--ast-global-color-5)","background-image":"","background-repeat":"repeat","background-position":"center center","background-size":"auto","background-attachment":"scroll","background-type":"","background-media":"","overlay-type":"","overlay-color":"","overlay-opacity":"","overlay-gradient":""},"tablet":{"background-color":"var(--ast-global-color-5)","background-image":"","background-repeat":"repeat","background-position":"center center","background-size":"auto","background-attachment":"scroll","background-type":"","background-media":"","overlay-type":"","overlay-color":"","overlay-opacity":"","overlay-gradient":""},"mobile":{"background-color":"var(--ast-global-color-5)","background-image":"","background-repeat":"repeat","background-position":"center center","background-size":"auto","background-attachment":"scroll","background-type":"","background-media":"","overlay-type":"","overlay-color":"","overlay-opacity":"","overlay-gradient":""}},"footnotes":""},"class_list":["post-307","page","type-page","status-publish","hentry"],"yoast_head":"<!-- This site is optimized with the Yoast SEO plugin v27.3 - https:\/\/yoast.com\/product\/yoast-seo-wordpress\/ -->\n<title>AVISO DE PRIVACIDAD - SERVICIOS EMPRESARIALES<\/title>\n<meta name=\"description\" content=\"Todos tus datos estan protegidos por nuestro Despacho Contable y tratados conforme a los Derechos ARCO en el Marco Legal.\" \/>\n<meta name=\"robots\" content=\"index, follow, max-snippet:-1, max-image-preview:large, max-video-preview:-1\" \/>\n<link rel=\"canonical\" href=\"https:\/\/cfnservicios.com\/index.php\/aviso-de-privacidad\/\" \/>\n<meta property=\"og:locale\" content=\"es_MX\" \/>\n<meta property=\"og:type\" content=\"article\" \/>\n<meta property=\"og:title\" content=\"AVISO DE PRIVACIDAD - SERVICIOS EMPRESARIALES\" \/>\n<meta property=\"og:description\" content=\"Todos tus datos estan protegidos por nuestro Despacho Contable y tratados conforme a los Derechos ARCO en el Marco Legal.\" \/>\n<meta property=\"og:url\" content=\"https:\/\/cfnservicios.com\/index.php\/aviso-de-privacidad\/\" \/>\n<meta property=\"og:site_name\" content=\"SERVICIOS EMPRESARIALES\" \/>\n<meta property=\"article:publisher\" content=\"https:\/\/www.facebook.com\/CFN.SERV\" \/>\n<meta property=\"article:modified_time\" content=\"2026-04-01T18:01:41+00:00\" \/>\n<meta name=\"twitter:card\" content=\"summary_large_image\" \/>\n<meta name=\"twitter:label1\" content=\"Tiempo de lectura\" \/>\n\t<meta name=\"twitter:data1\" content=\"4 minutos\" \/>\n<script type=\"application\/ld+json\" class=\"yoast-schema-graph\">{\"@context\":\"https:\\\/\\\/schema.org\",\"@graph\":[{\"@type\":\"WebPage\",\"@id\":\"https:\\\/\\\/cfnservicios.com\\\/index.php\\\/aviso-de-privacidad\\\/\",\"url\":\"https:\\\/\\\/cfnservicios.com\\\/index.php\\\/aviso-de-privacidad\\\/\",\"name\":\"AVISO DE PRIVACIDAD - SERVICIOS EMPRESARIALES\",\"isPartOf\":{\"@id\":\"https:\\\/\\\/cfnservicios.com\\\/#website\"},\"datePublished\":\"2020-04-22T17:01:52+00:00\",\"dateModified\":\"2026-04-01T18:01:41+00:00\",\"description\":\"Todos tus datos estan protegidos por nuestro Despacho Contable y tratados conforme a los Derechos ARCO en el Marco Legal.\",\"breadcrumb\":{\"@id\":\"https:\\\/\\\/cfnservicios.com\\\/index.php\\\/aviso-de-privacidad\\\/#breadcrumb\"},\"inLanguage\":\"es\",\"potentialAction\":[{\"@type\":\"ReadAction\",\"target\":[\"https:\\\/\\\/cfnservicios.com\\\/index.php\\\/aviso-de-privacidad\\\/\"]}]},{\"@type\":\"BreadcrumbList\",\"@id\":\"https:\\\/\\\/cfnservicios.com\\\/index.php\\\/aviso-de-privacidad\\\/#breadcrumb\",\"itemListElement\":[{\"@type\":\"ListItem\",\"position\":1,\"name\":\"Inicio\",\"item\":\"https:\\\/\\\/cfnservicios.com\\\/\"},{\"@type\":\"ListItem\",\"position\":2,\"name\":\"AVISO DE PRIVACIDAD\"}]},{\"@type\":\"WebSite\",\"@id\":\"https:\\\/\\\/cfnservicios.com\\\/#website\",\"url\":\"https:\\\/\\\/cfnservicios.com\\\/\",\"name\":\"CFN SERVICIOS EMPRESARIALES\",\"description\":\"Contabilidad, Fiscal y N\u00f3mina\",\"publisher\":{\"@id\":\"https:\\\/\\\/cfnservicios.com\\\/#organization\"},\"potentialAction\":[{\"@type\":\"SearchAction\",\"target\":{\"@type\":\"EntryPoint\",\"urlTemplate\":\"https:\\\/\\\/cfnservicios.com\\\/?s={search_term_string}\"},\"query-input\":{\"@type\":\"PropertyValueSpecification\",\"valueRequired\":true,\"valueName\":\"search_term_string\"}}],\"inLanguage\":\"es\"},{\"@type\":\"Organization\",\"@id\":\"https:\\\/\\\/cfnservicios.com\\\/#organization\",\"name\":\"CFN SERVICIOS EMPRESARIALES\",\"url\":\"https:\\\/\\\/cfnservicios.com\\\/\",\"logo\":{\"@type\":\"ImageObject\",\"inLanguage\":\"es\",\"@id\":\"https:\\\/\\\/cfnservicios.com\\\/#\\\/schema\\\/logo\\\/image\\\/\",\"url\":\"https:\\\/\\\/cfnservicios.com\\\/wp-content\\\/uploads\\\/2019\\\/09\\\/cropped-WhatsApp-Image-2019-09-04-at-11-e1582748429129-1.png\",\"contentUrl\":\"https:\\\/\\\/cfnservicios.com\\\/wp-content\\\/uploads\\\/2019\\\/09\\\/cropped-WhatsApp-Image-2019-09-04-at-11-e1582748429129-1.png\",\"width\":53,\"height\":75,\"caption\":\"CFN SERVICIOS EMPRESARIALES\"},\"image\":{\"@id\":\"https:\\\/\\\/cfnservicios.com\\\/#\\\/schema\\\/logo\\\/image\\\/\"},\"sameAs\":[\"https:\\\/\\\/www.facebook.com\\\/CFN.SERV\",\"https:\\\/\\\/www.instagram.com\\\/cfn_servicios_empresariales\\\/\"]}]}<\/script>\n<!-- \/ Yoast SEO plugin. -->","yoast_head_json":{"title":"AVISO DE PRIVACIDAD - SERVICIOS EMPRESARIALES","description":"Todos tus datos estan protegidos por nuestro Despacho Contable y tratados conforme a los Derechos ARCO en el Marco Legal.","robots":{"index":"index","follow":"follow","max-snippet":"max-snippet:-1","max-image-preview":"max-image-preview:large","max-video-preview":"max-video-preview:-1"},"canonical":"https:\/\/cfnservicios.com\/index.php\/aviso-de-privacidad\/","og_locale":"es_MX","og_type":"article","og_title":"AVISO DE PRIVACIDAD - SERVICIOS EMPRESARIALES","og_description":"Todos tus datos estan protegidos por nuestro Despacho Contable y tratados conforme a los Derechos ARCO en el Marco Legal.","og_url":"https:\/\/cfnservicios.com\/index.php\/aviso-de-privacidad\/","og_site_name":"SERVICIOS EMPRESARIALES","article_publisher":"https:\/\/www.facebook.com\/CFN.SERV","article_modified_time":"2026-04-01T18:01:41+00:00","twitter_card":"summary_large_image","twitter_misc":{"Tiempo de lectura":"4 minutos"},"schema":{"@context":"https:\/\/schema.org","@graph":[{"@type":"WebPage","@id":"https:\/\/cfnservicios.com\/index.php\/aviso-de-privacidad\/","url":"https:\/\/cfnservicios.com\/index.php\/aviso-de-privacidad\/","name":"AVISO DE PRIVACIDAD - SERVICIOS EMPRESARIALES","isPartOf":{"@id":"https:\/\/cfnservicios.com\/#website"},"datePublished":"2020-04-22T17:01:52+00:00","dateModified":"2026-04-01T18:01:41+00:00","description":"Todos tus datos estan protegidos por nuestro Despacho Contable y tratados conforme a los Derechos ARCO en el Marco Legal.","breadcrumb":{"@id":"https:\/\/cfnservicios.com\/index.php\/aviso-de-privacidad\/#breadcrumb"},"inLanguage":"es","potentialAction":[{"@type":"ReadAction","target":["https:\/\/cfnservicios.com\/index.php\/aviso-de-privacidad\/"]}]},{"@type":"BreadcrumbList","@id":"https:\/\/cfnservicios.com\/index.php\/aviso-de-privacidad\/#breadcrumb","itemListElement":[{"@type":"ListItem","position":1,"name":"Inicio","item":"https:\/\/cfnservicios.com\/"},{"@type":"ListItem","position":2,"name":"AVISO DE PRIVACIDAD"}]},{"@type":"WebSite","@id":"https:\/\/cfnservicios.com\/#website","url":"https:\/\/cfnservicios.com\/","name":"CFN SERVICIOS EMPRESARIALES","description":"Contabilidad, Fiscal y N\u00f3mina","publisher":{"@id":"https:\/\/cfnservicios.com\/#organization"},"potentialAction":[{"@type":"SearchAction","target":{"@type":"EntryPoint","urlTemplate":"https:\/\/cfnservicios.com\/?s={search_term_string}"},"query-input":{"@type":"PropertyValueSpecification","valueRequired":true,"valueName":"search_term_string"}}],"inLanguage":"es"},{"@type":"Organization","@id":"https:\/\/cfnservicios.com\/#organization","name":"CFN SERVICIOS EMPRESARIALES","url":"https:\/\/cfnservicios.com\/","logo":{"@type":"ImageObject","inLanguage":"es","@id":"https:\/\/cfnservicios.com\/#\/schema\/logo\/image\/","url":"https:\/\/cfnservicios.com\/wp-content\/uploads\/2019\/09\/cropped-WhatsApp-Image-2019-09-04-at-11-e1582748429129-1.png","contentUrl":"https:\/\/cfnservicios.com\/wp-content\/uploads\/2019\/09\/cropped-WhatsApp-Image-2019-09-04-at-11-e1582748429129-1.png","width":53,"height":75,"caption":"CFN SERVICIOS EMPRESARIALES"},"image":{"@id":"https:\/\/cfnservicios.com\/#\/schema\/logo\/image\/"},"sameAs":["https:\/\/www.facebook.com\/CFN.SERV","https:\/\/www.instagram.com\/cfn_servicios_empresariales\/"]}]}},"jetpack_sharing_enabled":true,"_links":{"self":[{"href":"https:\/\/cfnservicios.com\/index.php\/wp-json\/wp\/v2\/pages\/307","targetHints":{"allow":["GET"]}}],"collection":[{"href":"https:\/\/cfnservicios.com\/index.php\/wp-json\/wp\/v2\/pages"}],"about":[{"href":"https:\/\/cfnservicios.com\/index.php\/wp-json\/wp\/v2\/types\/page"}],"author":[{"embeddable":true,"href":"https:\/\/cfnservicios.com\/index.php\/wp-json\/wp\/v2\/users\/1"}],"replies":[{"embeddable":true,"href":"https:\/\/cfnservicios.com\/index.php\/wp-json\/wp\/v2\/comments?post=307"}],"version-history":[{"count":12,"href":"https:\/\/cfnservicios.com\/index.php\/wp-json\/wp\/v2\/pages\/307\/revisions"}],"predecessor-version":[{"id":2040,"href":"https:\/\/cfnservicios.com\/index.php\/wp-json\/wp\/v2\/pages\/307\/revisions\/2040"}],"wp:attachment":[{"href":"https:\/\/cfnservicios.com\/index.php\/wp-json\/wp\/v2\/media?parent=307"}],"curies":[{"name":"wp","href":"https:\/\/api.w.org\/{rel}","templated":true}]}}